{"id":621,"date":"2023-05-30T15:55:02","date_gmt":"2023-05-30T19:55:02","guid":{"rendered":"https:\/\/abogadostovarmedina.com\/?page_id=621"},"modified":"2023-07-19T12:48:17","modified_gmt":"2023-07-19T16:48:17","slug":"labor-social-academica","status":"publish","type":"page","link":"https:\/\/abogadostovarmedina.com\/index.php\/labor-social-academica\/","title":{"rendered":"Labor Social Acad\u00e9mica"},"content":{"rendered":"\t\t<div id=\"serious-slider-34-rnd8869\" class=\"cryout-serious-slider seriousslider serious-slider-34-rnd8869 serious-slider-34 seriousslider-overlay1 seriousslider-light seriousslider-shadow-none seriousslider-responsive-maintain seriousslider-hidetitles-1 seriousslider-slide seriousslider-sizing0 seriousslider-aligncenter seriousslider-caption-animation-slide seriousslider-textstyle-textshadow\" data-ride=\"seriousslider\">\n\t\t\t<div class=\"seriousslider-inner\" role=\"listbox\">\n\n\t\t\t\n\t\t\t<div class=\"item slide-1 active\" role=\"option\">\n\t\t\t\t\t\t\t\t<a  >\n\t\t\t\t\t<img decoding=\"async\" class=\"item-image\" src=\"https:\/\/abogadostovarmedina.com\/wp-content\/uploads\/2023\/05\/IMG-20220428-WA0087-gira-a-nivel-nacional-ano-2022-sobre-la-reforma-del-Copp-2021-en-ciudad-Bolivar-del-Estado-Bolivar-255-participantes-1-1.jpg\" alt=\"IMG-20220428-WA0087 gira a nivel nacional a\u00f1o 2022 sobre la reforma del Copp 2021 en ciudad Bolivar del Estado Bolivar 255 participantes\" >\n\t\t\t\t<\/a>\n\t\t\t\t\t\t\t\t\t\t\t\t<div class=\"seriousslider-caption\">\n\t\t\t\t\t<div class=\"seriousslider-caption-inside\">\n\t\t\t\t\t\t\t\t\t\t\t\t\t\t\t\t\t\t<div class=\"seriousslider-caption-buttons\">\n\t\t\t\t\t\t\t\t\t\t\t\t\t\t\t\t\t\t\t\t\t\t\t\t\t\t\t\t\t\t\t\t\t\t\t\t\t\t\t\t\t\t\t<\/div>\n\t\t\t\t\t<\/div><!--seriousslider-caption-inside-->\n\t\t\t\t<\/div><!--seriousslider-caption-->\n\t\t\t\t\t\t\t\t<div class=\"seriousslider-hloader\"><\/div>\n\t\t\t\t<figure class=\"seriousslider-cloader\">\n\t\t\t\t\t<svg width=\"200\" height=\"200\">\n\t\t\t\t\t\t<circle cx=\"95\" cy=\"95\" r=\"20\" transform=\"rotate(-90, 95, 95)\"\/>\n\t\t\t\t\t<\/svg>\n\t\t\t  <\/figure>\n\t\t\t<\/div>\n\n\t\t\t\n\t\t\t<div class=\"item slide-2 \" role=\"option\">\n\t\t\t\t\t\t\t\t<a  >\n\t\t\t\t\t<img decoding=\"async\" class=\"item-image\" src=\"https:\/\/abogadostovarmedina.com\/wp-content\/uploads\/2023\/05\/IMG-20220429-WA0082-Gira-a-nivel-Nacional-2022-sobre-la-Reforma-dell-Copp-2021-e-la-ciudad-de-Puerto-Ordaz-en-el-Colegio-de-Abogados-1-1.jpg\" alt=\"IMG-20220429-WA0082 Gira a nivel Nacional 2022 sobre la Reforma dell Copp 2021 e la ciudad de Puerto Ordaz en el Colegio de Abogados\" >\n\t\t\t\t<\/a>\n\t\t\t\t\t\t\t\t\t\t\t\t<div class=\"seriousslider-caption\">\n\t\t\t\t\t<div class=\"seriousslider-caption-inside\">\n\t\t\t\t\t\t\t\t\t\t\t\t\t\t\t\t\t\t<div class=\"seriousslider-caption-buttons\">\n\t\t\t\t\t\t\t\t\t\t\t\t\t\t\t\t\t\t\t\t\t\t\t\t\t\t\t\t\t\t\t\t\t\t\t\t\t\t\t\t\t\t\t<\/div>\n\t\t\t\t\t<\/div><!--seriousslider-caption-inside-->\n\t\t\t\t<\/div><!--seriousslider-caption-->\n\t\t\t\t\t\t\t\t<div class=\"seriousslider-hloader\"><\/div>\n\t\t\t\t<figure class=\"seriousslider-cloader\">\n\t\t\t\t\t<svg width=\"200\" height=\"200\">\n\t\t\t\t\t\t<circle cx=\"95\" cy=\"95\" r=\"20\" transform=\"rotate(-90, 95, 95)\"\/>\n\t\t\t\t\t<\/svg>\n\t\t\t  <\/figure>\n\t\t\t<\/div>\n\n\t\t\t\n\t\t\t<div class=\"item slide-3 \" role=\"option\">\n\t\t\t\t\t\t\t\t<a  >\n\t\t\t\t\t<img decoding=\"async\" class=\"item-image\" src=\"https:\/\/abogadostovarmedina.com\/wp-content\/uploads\/2023\/05\/IMG-20220429-WA0086-gira-a-nivel-nacional-2022-sobre-la-reforma-del-Copp-2021-en-el-Colegio-de-Abogados-de-la-Ciudad-de-PUERTOI-Ordaz-.jpg\" alt=\"IMG-20220429-WA0086 gira a nivel nacional 2022 sobre la reforma del Copp 2021 en el Colegio de Abogados de la Ciudad de PUERTOI Ordaz\" >\n\t\t\t\t<\/a>\n\t\t\t\t\t\t\t\t\t\t\t\t<div class=\"seriousslider-caption\">\n\t\t\t\t\t<div class=\"seriousslider-caption-inside\">\n\t\t\t\t\t\t\t\t\t\t\t\t\t\t\t\t\t\t<div class=\"seriousslider-caption-buttons\">\n\t\t\t\t\t\t\t\t\t\t\t\t\t\t\t\t\t\t\t\t\t\t\t\t\t\t\t\t\t\t\t\t\t\t\t\t\t\t\t\t\t\t\t<\/div>\n\t\t\t\t\t<\/div><!--seriousslider-caption-inside-->\n\t\t\t\t<\/div><!--seriousslider-caption-->\n\t\t\t\t\t\t\t\t<div class=\"seriousslider-hloader\"><\/div>\n\t\t\t\t<figure class=\"seriousslider-cloader\">\n\t\t\t\t\t<svg width=\"200\" height=\"200\">\n\t\t\t\t\t\t<circle cx=\"95\" cy=\"95\" r=\"20\" transform=\"rotate(-90, 95, 95)\"\/>\n\t\t\t\t\t<\/svg>\n\t\t\t  <\/figure>\n\t\t\t<\/div>\n\n\t\t\t\n\t\t\t<div class=\"item slide-4 \" role=\"option\">\n\t\t\t\t\t\t\t\t<a  >\n\t\t\t\t\t<img decoding=\"async\" class=\"item-image\" src=\"https:\/\/abogadostovarmedina.com\/wp-content\/uploads\/2023\/05\/Gira-a-nivel-nacional-de-conferencias-de-la-reforma-del-COPP-2021-ciudad-de-merida-en-el-colegio-de-abogado-ano-2022--scaled.jpg\" alt=\"Gira a nivel nacional de conferencias de la reforma del COPP 2021 ciudad de merida en el colegio de abogado a\u00f1o 2022\" >\n\t\t\t\t<\/a>\n\t\t\t\t\t\t\t\t\t\t\t\t<div class=\"seriousslider-caption\">\n\t\t\t\t\t<div class=\"seriousslider-caption-inside\">\n\t\t\t\t\t\t\t\t\t\t\t\t\t\t\t\t\t\t<div class=\"seriousslider-caption-buttons\">\n\t\t\t\t\t\t\t\t\t\t\t\t\t\t\t\t\t\t\t\t\t\t\t\t\t\t\t\t\t\t\t\t\t\t\t\t\t\t\t\t\t\t\t<\/div>\n\t\t\t\t\t<\/div><!--seriousslider-caption-inside-->\n\t\t\t\t<\/div><!--seriousslider-caption-->\n\t\t\t\t\t\t\t\t<div class=\"seriousslider-hloader\"><\/div>\n\t\t\t\t<figure class=\"seriousslider-cloader\">\n\t\t\t\t\t<svg width=\"200\" height=\"200\">\n\t\t\t\t\t\t<circle cx=\"95\" cy=\"95\" r=\"20\" transform=\"rotate(-90, 95, 95)\"\/>\n\t\t\t\t\t<\/svg>\n\t\t\t  <\/figure>\n\t\t\t<\/div>\n\n\t\t\t\t\t\t<\/div>\n\n\t\t\t<div class=\"seriousslider-indicators\">\n\t\t\t\t<ol class=\"seriousslider-indicators-inside\">\n\t\t\t\t\t\t\t\t\t\t<li data-target=\"#serious-slider-34\" data-slide-to=\"0\" class=\"active\"><\/li>\n\t\t\t\t\t\t\t\t\t\t<li data-target=\"#serious-slider-34\" data-slide-to=\"1\" ><\/li>\n\t\t\t\t\t\t\t\t\t\t<li data-target=\"#serious-slider-34\" data-slide-to=\"2\" ><\/li>\n\t\t\t\t\t\t\t\t\t\t<li data-target=\"#serious-slider-34\" data-slide-to=\"3\" ><\/li>\n\t\t\t\t\t\t\t\t\t<\/ol>\n\t\t\t<\/div>\n\n\t\t\t<button class=\"left seriousslider-control\" data-target=\"#serious-slider-34-rnd8869\" role=\"button\" data-slide=\"prev\">\n\t\t\t  <span class=\"sicon-prev control-arrow\" aria-hidden=\"true\"><\/span>\n\t\t\t  <span class=\"sr-only\">Previous Slide<\/span>\n\t\t\t<\/button>\n\t\t\t<button class=\"right seriousslider-control\" data-target=\"#serious-slider-34-rnd8869\" role=\"button\" data-slide=\"next\">\n\t\t\t  <span class=\"sicon-next control-arrow\" aria-hidden=\"true\"><\/span>\n\t\t\t  <span class=\"sr-only\">Next Slide<\/span>\n\t\t\t<\/button>\n\t\t<\/div>\n\t\t\n\n\n\n<div style=\"height:30px\" aria-hidden=\"true\" class=\"wp-block-spacer\"><\/div>\n\n\n\n<ul class=\"wp-block-list\">\n<li>Aula Virtual:\u202fforos, talleres, cursos.<\/li>\n\n\n\n<li>Grupo de Capacitaci\u00f3n y Formaci\u00f3n Profesional por Telegram y Forochat, en donde dictamos Master Class gratuitas de inter\u00e9s jur\u00eddico y que cuenta con 1272 participantes.<\/li>\n\n\n\n<li>Columna jur\u00eddica del Diario 2001: ingresa a la p\u00e1gina web: 2001online.com, y busca el t\u00e9rmino Vestalia en el buscador<\/li>\n\n\n\n<li>Giras de conferencias o seminarios\u202fcelebrados en los Colegios de Abogados regionales y \u202funiversidades de todo el territorio nacional.&nbsp;<\/li>\n<\/ul>\n","protected":false},"excerpt":{"rendered":"","protected":false},"author":1,"featured_media":0,"parent":0,"menu_order":0,"comment_status":"closed","ping_status":"closed","template":"","meta":{"saved_in_kubio":false,"om_disable_all_campaigns":false,"_monsterinsights_skip_tracking":false,"_monsterinsights_sitenote_active":false,"_monsterinsights_sitenote_note":"","_monsterinsights_sitenote_category":0,"footnotes":""},"class_list":["post-621","page","type-page","status-publish","hentry"],"kubio_ai_page_context":{"short_desc":"","purpose":"general"},"_links":{"self":[{"href":"https:\/\/abogadostovarmedina.com\/index.php\/wp-json\/wp\/v2\/pages\/621","targetHints":{"allow":["GET"]}}],"collection":[{"href":"https:\/\/abogadostovarmedina.com\/index.php\/wp-json\/wp\/v2\/pages"}],"about":[{"href":"https:\/\/abogadostovarmedina.com\/index.php\/wp-json\/wp\/v2\/types\/page"}],"author":[{"embeddable":true,"href":"https:\/\/abogadostovarmedina.com\/index.php\/wp-json\/wp\/v2\/users\/1"}],"replies":[{"embeddable":true,"href":"https:\/\/abogadostovarmedina.com\/index.php\/wp-json\/wp\/v2\/comments?post=621"}],"version-history":[{"count":3,"href":"https:\/\/abogadostovarmedina.com\/index.php\/wp-json\/wp\/v2\/pages\/621\/revisions"}],"predecessor-version":[{"id":733,"href":"https:\/\/abogadostovarmedina.com\/index.php\/wp-json\/wp\/v2\/pages\/621\/revisions\/733"}],"wp:attachment":[{"href":"https:\/\/abogadostovarmedina.com\/index.php\/wp-json\/wp\/v2\/media?parent=621"}],"curies":[{"name":"wp","href":"https:\/\/api.w.org\/{rel}","templated":true}]}}

Labor Social Académica

<div id="serious-slider-34-rnd8869" class="cryout-serious-slider seriousslider serious-slider-34-rnd8869 serious-slider-34 seriousslider-overlay1 seriousslider-light seriousslider-shadow-none seriousslider-responsive-maintain seriousslider-hidetitles-1 seriousslider-slide seriousslider-sizing0 seriousslider-aligncenter seriousslider-caption-animation-slide seriousslider-textstyle-textshadow" data-ride="seriousslider">
			<div class="seriousslider-inner" role="listbox">

			
			<div class="item slide-1 active" role="option">
								<a  >
					<img decoding="async" class="item-image" src="https://abogadostovarmedina.com/wp-content/uploads/2023/05/IMG-20220428-WA0087-gira-a-nivel-nacional-ano-2022-sobre-la-reforma-del-Copp-2021-en-ciudad-Bolivar-del-Estado-Bolivar-255-participantes-1-1.jpg" alt="IMG-20220428-WA0087 gira a nivel nacional año 2022 sobre la reforma del Copp 2021 en ciudad Bolivar del Estado Bolivar 255 participantes" >
				</a>
												<div class="seriousslider-caption">
					<div class="seriousslider-caption-inside">
																		<div class="seriousslider-caption-buttons">
																																											</div>
					</div><!--seriousslider-caption-inside-->
				</div><!--seriousslider-caption-->
								<div class="seriousslider-hloader"></div>
				<figure class="seriousslider-cloader">
					<svg width="200" height="200">
						<circle cx="95" cy="95" r="20" transform="rotate(-90, 95, 95)"/>
					</svg>
			  </figure>
			</div>

			
			<div class="item slide-2 " role="option">
								<a  >
					<img decoding="async" class="item-image" src="https://abogadostovarmedina.com/wp-content/uploads/2023/05/IMG-20220429-WA0082-Gira-a-nivel-Nacional-2022-sobre-la-Reforma-dell-Copp-2021-e-la-ciudad-de-Puerto-Ordaz-en-el-Colegio-de-Abogados-1-1.jpg" alt="IMG-20220429-WA0082 Gira a nivel Nacional 2022 sobre la Reforma dell Copp 2021 e la ciudad de Puerto Ordaz en el Colegio de Abogados" >
				</a>
												<div class="seriousslider-caption">
					<div class="seriousslider-caption-inside">
																		<div class="seriousslider-caption-buttons">
																																											</div>
					</div><!--seriousslider-caption-inside-->
				</div><!--seriousslider-caption-->
								<div class="seriousslider-hloader"></div>
				<figure class="seriousslider-cloader">
					<svg width="200" height="200">
						<circle cx="95" cy="95" r="20" transform="rotate(-90, 95, 95)"/>
					</svg>
			  </figure>
			</div>

			
			<div class="item slide-3 " role="option">
								<a  >
					<img decoding="async" class="item-image" src="https://abogadostovarmedina.com/wp-content/uploads/2023/05/IMG-20220429-WA0086-gira-a-nivel-nacional-2022-sobre-la-reforma-del-Copp-2021-en-el-Colegio-de-Abogados-de-la-Ciudad-de-PUERTOI-Ordaz-.jpg" alt="IMG-20220429-WA0086 gira a nivel nacional 2022 sobre la reforma del Copp 2021 en el Colegio de Abogados de la Ciudad de PUERTOI Ordaz" >
				</a>
												<div class="seriousslider-caption">
					<div class="seriousslider-caption-inside">
																		<div class="seriousslider-caption-buttons">
																																											</div>
					</div><!--seriousslider-caption-inside-->
				</div><!--seriousslider-caption-->
								<div class="seriousslider-hloader"></div>
				<figure class="seriousslider-cloader">
					<svg width="200" height="200">
						<circle cx="95" cy="95" r="20" transform="rotate(-90, 95, 95)"/>
					</svg>
			  </figure>
			</div>

			
			<div class="item slide-4 " role="option">
								<a  >
					<img decoding="async" class="item-image" src="https://abogadostovarmedina.com/wp-content/uploads/2023/05/Gira-a-nivel-nacional-de-conferencias-de-la-reforma-del-COPP-2021-ciudad-de-merida-en-el-colegio-de-abogado-ano-2022--scaled.jpg" alt="Gira a nivel nacional de conferencias de la reforma del COPP 2021 ciudad de merida en el colegio de abogado año 2022" >
				</a>
												<div class="seriousslider-caption">
					<div class="seriousslider-caption-inside">
																		<div class="seriousslider-caption-buttons">
																																											</div>
					</div><!--seriousslider-caption-inside-->
				</div><!--seriousslider-caption-->
								<div class="seriousslider-hloader"></div>
				<figure class="seriousslider-cloader">
					<svg width="200" height="200">
						<circle cx="95" cy="95" r="20" transform="rotate(-90, 95, 95)"/>
					</svg>
			  </figure>
			</div>

						</div>

			<div class="seriousslider-indicators">
				<ol class="seriousslider-indicators-inside">
										<li data-target="#serious-slider-34" data-slide-to="0" class="active"></li>
										<li data-target="#serious-slider-34" data-slide-to="1" ></li>
										<li data-target="#serious-slider-34" data-slide-to="2" ></li>
										<li data-target="#serious-slider-34" data-slide-to="3" ></li>
									</ol>
			</div>

			<button class="left seriousslider-control" data-target="#serious-slider-34-rnd8869" role="button" data-slide="prev">
			  <span class="sicon-prev control-arrow" aria-hidden="true"></span>
			  <span class="sr-only">Previous Slide</span>
			</button>
			<button class="right seriousslider-control" data-target="#serious-slider-34-rnd8869" role="button" data-slide="next">
			  <span class="sicon-next control-arrow" aria-hidden="true"></span>
			  <span class="sr-only">Next Slide</span>
			</button>
		</div>
		



<div style="height:30px" aria-hidden="true" class="wp-block-spacer"></div>



<ul class="wp-block-list">
<li>Aula Virtual: foros, talleres, cursos.</li>



<li>Grupo de Capacitación y Formación Profesional por Telegram y Forochat, en donde dictamos Master Class gratuitas de interés jurídico y que cuenta con 1272 participantes.</li>



<li>Columna jurídica del Diario 2001: ingresa a la página web: 2001online.com, y busca el término Vestalia en el buscador</li>



<li>Giras de conferencias o seminarios celebrados en los Colegios de Abogados regionales y  universidades de todo el territorio nacional.&nbsp;</li>
</ul>
